{"id":872,"date":"2021-04-20T18:05:36","date_gmt":"2021-04-20T18:05:36","guid":{"rendered":"https:\/\/rollerfreunde.at\/wordpress\/?page_id=872"},"modified":"2021-11-24T09:50:05","modified_gmt":"2021-11-24T09:50:05","slug":"tratschende-2021","status":"publish","type":"page","link":"https:\/\/rollerfreunde.at\/index.php\/tratschende-2021\/","title":{"rendered":"Tratschabende 2021"},"content":{"rendered":"\t\t<div data-elementor-type=\"wp-page\" data-elementor-id=\"872\" class=\"elementor elementor-872\">\n\t\t\t\t\t\t<section class=\"elementor-section elementor-top-section elementor-element elementor-element-24345518 elementor-section-boxed elementor-section-height-default elementor-section-height-default\" data-id=\"24345518\" data-element_type=\"section\">\n\t\t\t\t\t\t<div class=\"elementor-container elementor-column-gap-default\">\n\t\t\t\t\t<div class=\"elementor-column elementor-col-100 elementor-top-column elementor-element elementor-element-59cbe672\" data-id=\"59cbe672\" data-element_type=\"column\">\n\t\t\t<div class=\"elementor-widget-wrap elementor-element-populated\">\n\t\t\t\t\t\t<div class=\"elementor-element elementor-element-99104d0 elementor-widget elementor-widget-heading\" data-id=\"99104d0\" data-element_type=\"widget\" data-widget_type=\"heading.default\">\n\t\t\t\t<div class=\"elementor-widget-container\">\n\t\t\t\t\t<h2 class=\"elementor-heading-title elementor-size-default\">Tratschabende<\/h2>\t\t\t\t<\/div>\n\t\t\t\t<\/div>\n\t\t\t\t\t<\/div>\n\t\t<\/div>\n\t\t\t\t\t<\/div>\n\t\t<\/section>\n\t\t\t\t<section class=\"elementor-section elementor-top-section elementor-element elementor-element-2cbd23b7 elementor-section-boxed elementor-section-height-default elementor-section-height-default\" data-id=\"2cbd23b7\" data-element_type=\"section\">\n\t\t\t\t\t\t<div class=\"elementor-container elementor-column-gap-default\">\n\t\t\t\t\t<div class=\"elementor-column elementor-col-100 elementor-top-column elementor-element elementor-element-1b38b6b0\" data-id=\"1b38b6b0\" data-element_type=\"column\">\n\t\t\t<div class=\"elementor-widget-wrap elementor-element-populated\">\n\t\t\t\t\t\t<div class=\"elementor-element elementor-element-46472d8a elementor-widget elementor-widget-text-editor\" data-id=\"46472d8a\" data-element_type=\"widget\" data-widget_type=\"text-editor.default\">\n\t\t\t\t<div class=\"elementor-widget-container\">\n\t\t\t\t\t\t\t\t\t<p>Wir hoffen auf zahlreiche Teilnahme und regen Benzingespr\u00e4chen bei unseren Tratschabenden !<\/p>\t\t\t\t\t\t\t\t<\/div>\n\t\t\t\t<\/div>\n\t\t\t\t\t<\/div>\n\t\t<\/div>\n\t\t\t\t\t<\/div>\n\t\t<\/section>\n\t\t\t\t<section class=\"elementor-section elementor-top-section elementor-element elementor-element-7caf046 elementor-section-boxed elementor-section-height-default elementor-section-height-default\" data-id=\"7caf046\" data-element_type=\"section\">\n\t\t\t\t\t\t<div class=\"elementor-container elementor-column-gap-default\">\n\t\t\t\t\t<div class=\"elementor-column elementor-col-50 elementor-top-column elementor-element elementor-element-f6f9e81\" data-id=\"f6f9e81\" data-element_type=\"column\">\n\t\t\t<div class=\"elementor-widget-wrap elementor-element-populated\">\n\t\t\t\t\t\t<div class=\"elementor-element elementor-element-784ef9f elementor-widget elementor-widget-heading\" data-id=\"784ef9f\" data-element_type=\"widget\" data-widget_type=\"heading.default\">\n\t\t\t\t<div class=\"elementor-widget-container\">\n\t\t\t\t\t<h2 class=\"elementor-heading-title elementor-size-default\">8. Oktober 2021<br>\n19:00 Uhr Genusspunkt Leonding<br>\nHaidfeldstrasse 31 a<br><\/h2>\t\t\t\t<\/div>\n\t\t\t\t<\/div>\n\t\t\t\t<div class=\"elementor-element elementor-element-33e0aac elementor-widget elementor-widget-heading\" data-id=\"33e0aac\" data-element_type=\"widget\" data-widget_type=\"heading.default\">\n\t\t\t\t<div class=\"elementor-widget-container\">\n\t\t\t\t\t<h2 class=\"elementor-heading-title elementor-size-medium\"><i>Nach einer l\u00e4ngeren Zwangspause (Corona) waren es heute 17 Rollerfreunde die  zu einen gem\u00fctlichen Tratsch zusammen kamen. <br><br>\n\nNach einigen organisatorischen Details konnte auch die offizielle  Amts\u00fcbergabe von Reinhard an den neuen Obmann Alois vollzogen werden. Alois wir w\u00fcnschen dir gutes Gelingen und viel Spass mit uns !! <br><br>\n\nEine Videopr\u00e4sentation \u00fcber das Rollerjahr 2020 rundete den Abend ab. Danke an Reinhard daf\u00fcr !!<\/i><br><br>Insgesamt war es wieder ein gelungener Abend unter Freunden !\n\n<\/h2>\t\t\t\t<\/div>\n\t\t\t\t<\/div>\n\t\t\t\t\t<\/div>\n\t\t<\/div>\n\t\t\t\t<div class=\"elementor-column elementor-col-50 elementor-top-column elementor-element elementor-element-7625d5f\" data-id=\"7625d5f\" data-element_type=\"column\">\n\t\t\t<div class=\"elementor-widget-wrap elementor-element-populated\">\n\t\t\t\t\t\t<div class=\"elementor-element elementor-element-069289a elementor-widget elementor-widget-image\" data-id=\"069289a\" data-element_type=\"widget\" data-widget_type=\"image.default\">\n\t\t\t\t<div class=\"elementor-widget-container\">\n\t\t\t\t\t\t\t\t\t\t\t\t\t\t\t<img fetchpriority=\"high\" decoding=\"async\" width=\"1220\" height=\"600\" src=\"https:\/\/rollerfreunde.at\/wp-content\/uploads\/2021\/10\/20211008_193227-1220x600.jpg\" class=\"attachment-vilva-slider-one size-vilva-slider-one wp-image-1979\" alt=\"\" \/>\t\t\t\t\t\t\t\t\t\t\t\t\t\t\t<\/div>\n\t\t\t\t<\/div>\n\t\t\t\t\t<\/div>\n\t\t<\/div>\n\t\t\t\t\t<\/div>\n\t\t<\/section>\n\t\t\t\t<section class=\"elementor-section elementor-top-section elementor-element elementor-element-51b6f94 elementor-section-boxed elementor-section-height-default elementor-section-height-default\" data-id=\"51b6f94\" data-element_type=\"section\">\n\t\t\t\t\t\t<div class=\"elementor-container elementor-column-gap-default\">\n\t\t\t\t\t<div class=\"elementor-column elementor-col-50 elementor-top-column elementor-element elementor-element-032f1e5\" data-id=\"032f1e5\" data-element_type=\"column\">\n\t\t\t<div class=\"elementor-widget-wrap elementor-element-populated\">\n\t\t\t\t\t\t<div class=\"elementor-element elementor-element-3dfe411 elementor-widget elementor-widget-heading\" data-id=\"3dfe411\" data-element_type=\"widget\" data-widget_type=\"heading.default\">\n\t\t\t\t<div class=\"elementor-widget-container\">\n\t\t\t\t\t<h2 class=\"elementor-heading-title elementor-size-default\">12. November 2021<br>\n19:00 Uhr Genusspunkt Leonding<br>\nHaidfeldstrasse 31 a<br><\/h2>\t\t\t\t<\/div>\n\t\t\t\t<\/div>\n\t\t\t\t<div class=\"elementor-element elementor-element-62d2f40 elementor-widget elementor-widget-heading\" data-id=\"62d2f40\" data-element_type=\"widget\" data-widget_type=\"heading.default\">\n\t\t\t\t<div class=\"elementor-widget-container\">\n\t\t\t\t\t<h2 class=\"elementor-heading-title elementor-size-medium\"><i>Trotz Einschr\u00e4nkung durch die 2 G Regel kamen 12 Rollerfreunde an diesen Abend ! <br><br>\nNach der Begr\u00fcssung durch unseren Obmann, schauten wir in das Motorradjahr 2022 und konnten eine Grobplanung festlegen.<br><br>\n\nAuch sonst gab es einen regen Tratsch \u00fcber dies und das, wodurch es wieder ein unterhaltsamer Abend wurde........<\/i><br>\n\n<\/h2>\t\t\t\t<\/div>\n\t\t\t\t<\/div>\n\t\t\t\t\t<\/div>\n\t\t<\/div>\n\t\t\t\t<div class=\"elementor-column elementor-col-50 elementor-top-column elementor-element elementor-element-bb419bd\" data-id=\"bb419bd\" data-element_type=\"column\">\n\t\t\t<div class=\"elementor-widget-wrap elementor-element-populated\">\n\t\t\t\t\t\t<div class=\"elementor-element elementor-element-3881d51 elementor-widget elementor-widget-image\" data-id=\"3881d51\" data-element_type=\"widget\" data-widget_type=\"image.default\">\n\t\t\t\t<div class=\"elementor-widget-container\">\n\t\t\t\t\t\t\t\t\t\t\t\t\t\t\t<img decoding=\"async\" width=\"300\" height=\"300\" src=\"https:\/\/rollerfreunde.at\/wp-content\/uploads\/2021\/11\/2021_Rollertratsch_November-300x300.jpg\" class=\"attachment-medium size-medium wp-image-2163\" alt=\"\" srcset=\"https:\/\/rollerfreunde.at\/wp-content\/uploads\/2021\/11\/2021_Rollertratsch_November-300x300.jpg 300w, https:\/\/rollerfreunde.at\/wp-content\/uploads\/2021\/11\/2021_Rollertratsch_November-1024x1024.jpg 1024w, https:\/\/rollerfreunde.at\/wp-content\/uploads\/2021\/11\/2021_Rollertratsch_November-150x150.jpg 150w, https:\/\/rollerfreunde.at\/wp-content\/uploads\/2021\/11\/2021_Rollertratsch_November-768x768.jpg 768w, https:\/\/rollerfreunde.at\/wp-content\/uploads\/2021\/11\/2021_Rollertratsch_November-60x60.jpg 60w, https:\/\/rollerfreunde.at\/wp-content\/uploads\/2021\/11\/2021_Rollertratsch_November.jpg 1080w\" sizes=\"(max-width: 300px) 100vw, 300px\" \/>\t\t\t\t\t\t\t\t\t\t\t\t\t\t\t<\/div>\n\t\t\t\t<\/div>\n\t\t\t\t\t<\/div>\n\t\t<\/div>\n\t\t\t\t\t<\/div>\n\t\t<\/section>\n\t\t\t\t<section class=\"elementor-section elementor-top-section elementor-element elementor-element-d7ad99a elementor-section-boxed elementor-section-height-default elementor-section-height-default\" data-id=\"d7ad99a\" data-element_type=\"section\">\n\t\t\t\t\t\t<div class=\"elementor-container elementor-column-gap-default\">\n\t\t\t\t\t<div class=\"elementor-column elementor-col-50 elementor-top-column elementor-element elementor-element-d43d5ce\" data-id=\"d43d5ce\" data-element_type=\"column\">\n\t\t\t<div class=\"elementor-widget-wrap elementor-element-populated\">\n\t\t\t\t\t\t<div class=\"elementor-element elementor-element-26f1aea elementor-widget elementor-widget-heading\" data-id=\"26f1aea\" data-element_type=\"widget\" data-widget_type=\"heading.default\">\n\t\t\t\t<div class=\"elementor-widget-container\">\n\t\t\t\t\t<h2 class=\"elementor-heading-title elementor-size-medium\"><h2 class=\"elementor-heading-title elementor-size-medium elementor-inline-editing pen\" data-elementor-setting-key=\"title\" data-pen-placeholder=\"Eingabe hier...\"><br><\/h2>Abgesagt :<br><br><br><\/h2>\t\t\t\t<\/div>\n\t\t\t\t<\/div>\n\t\t\t\t<div class=\"elementor-element elementor-element-2c1ab9a elementor-widget elementor-widget-heading\" data-id=\"2c1ab9a\" data-element_type=\"widget\" data-widget_type=\"heading.default\">\n\t\t\t\t<div class=\"elementor-widget-container\">\n\t\t\t\t\t<h2 class=\"elementor-heading-title elementor-size-medium\"><i>Auf Grund des Lockdowns bis 17. Dez. muss die Veranstaltung abgesagt werden <\/i><br><i><br>\n\n<\/i><\/h2>\t\t\t\t<\/div>\n\t\t\t\t<\/div>\n\t\t\t\t\t<\/div>\n\t\t<\/div>\n\t\t\t\t<div class=\"elementor-column elementor-col-50 elementor-top-column elementor-element elementor-element-1d107e3\" data-id=\"1d107e3\" data-element_type=\"column\">\n\t\t\t<div class=\"elementor-widget-wrap elementor-element-populated\">\n\t\t\t\t\t\t<div class=\"elementor-element elementor-element-a814495 elementor-widget elementor-widget-image\" data-id=\"a814495\" data-element_type=\"widget\" data-widget_type=\"image.default\">\n\t\t\t\t<div class=\"elementor-widget-container\">\n\t\t\t\t\t\t\t\t\t\t\t\t\t\t\t<img decoding=\"async\" width=\"660\" height=\"463\" src=\"https:\/\/rollerfreunde.at\/wp-content\/uploads\/2021\/11\/Lockdown.jpg\" class=\"attachment-vilva-slider-one size-vilva-slider-one wp-image-2216\" alt=\"\" srcset=\"https:\/\/rollerfreunde.at\/wp-content\/uploads\/2021\/11\/Lockdown.jpg 660w, https:\/\/rollerfreunde.at\/wp-content\/uploads\/2021\/11\/Lockdown-300x210.jpg 300w, https:\/\/rollerfreunde.at\/wp-content\/uploads\/2021\/11\/Lockdown-86x60.jpg 86w\" sizes=\"(max-width: 660px) 100vw, 660px\" \/>\t\t\t\t\t\t\t\t\t\t\t\t\t\t\t<\/div>\n\t\t\t\t<\/div>\n\t\t\t\t\t<\/div>\n\t\t<\/div>\n\t\t\t\t\t<\/div>\n\t\t<\/section>\n\t\t\t\t<\/div>\n\t\t","protected":false},"excerpt":{"rendered":"<p>Tratschabende Wir hoffen auf zahlreiche Teilnahme und regen Benzingespr\u00e4chen bei unseren Tratschabenden ! 8. Oktober 2021 19:00 Uhr Genusspunkt Leonding Haidfeldstrasse 31 a Nach einer &hellip; <\/p>\n","protected":false},"author":1,"featured_media":0,"parent":0,"menu_order":0,"comment_status":"closed","ping_status":"closed","template":"","meta":{"footnotes":""},"class_list":["post-872","page","type-page","status-publish","hentry"],"_links":{"self":[{"href":"https:\/\/rollerfreunde.at\/index.php\/wp-json\/wp\/v2\/pages\/872","targetHints":{"allow":["GET"]}}],"collection":[{"href":"https:\/\/rollerfreunde.at\/index.php\/wp-json\/wp\/v2\/pages"}],"about":[{"href":"https:\/\/rollerfreunde.at\/index.php\/wp-json\/wp\/v2\/types\/page"}],"author":[{"embeddable":true,"href":"https:\/\/rollerfreunde.at\/index.php\/wp-json\/wp\/v2\/users\/1"}],"replies":[{"embeddable":true,"href":"https:\/\/rollerfreunde.at\/index.php\/wp-json\/wp\/v2\/comments?post=872"}],"version-history":[{"count":81,"href":"https:\/\/rollerfreunde.at\/index.php\/wp-json\/wp\/v2\/pages\/872\/revisions"}],"predecessor-version":[{"id":2220,"href":"https:\/\/rollerfreunde.at\/index.php\/wp-json\/wp\/v2\/pages\/872\/revisions\/2220"}],"wp:attachment":[{"href":"https:\/\/rollerfreunde.at\/index.php\/wp-json\/wp\/v2\/media?parent=872"}],"curies":[{"name":"wp","href":"https:\/\/api.w.org\/{rel}","templated":true}]}}